e y(2). Let i = v - r. Is i a prime number?
False
Let r(u) = 2*u**2 - 6*u + 8. Let i be r(7). Let k = i - 39. Is k composite?
True
Suppose 2*z + 7*z = 2871. Is z a composite number?
True
Let b(r) = r**2 - 1. Let c be b(-2). Let t(g) = g + 8. Let o be t(-6). Suppose z - 53 = 2*u - c*u, 0 = 5*u + o*z - 265. Is u prime?
True
Suppose 59*x - 10036 = 55*x. Is x a prime number?
False
Let d(i) be the first derivative of 50*i**2 + 45*i - 1. Let m(z) = -25*z - 11. Let q(f) = 6*d(f) + 25*m(f). Is q(-4) composite?
True
Let d(u) be the first derivative of 4*u**3/3 - 3*u**2 - 9*u - 4. Is d(10) prime?
True
Let u(f) = 22*f + 4. Let c be u(8). Suppose 38 = 2*l - c. Is l a composite number?
False
Let u(k) = 115*k**2 + 33*k + 1. Is u(-6) composite?
False
Let b(m) = 2*m**2. Suppose 0*k - 4*k = -16. Let o(z) = z - 5. Let a be o(k). Is b(a) composite?
False
Let a = 87 - 87. Let d(x) = 5*x**3 - 6*x**2 + 5*x - 95. Let p(o) = -o**3 + o**2 - o + 19. Let v(q) = 2*d(q) + 11*p(q). Is v(a) a composite number?
False
Let u(g) be the second derivative of g**5/20 + 3*g**4/4 + 5*g**3/3 + 3*g**2/2 + g. Is u(-7) composite?
False
Let l(p) = -p**3 - 3*p**2 - 2*p. Let y be l(-2). Suppose -2*b + 40 = -y*b. Suppose -x + b = x. Is x a prime number?
False
Let p(g) = g**2 - 8*g - 2. Is p(-10) a prime number?
False
Let w = 82 + -47. Suppose 0 = -n + u + 9, 3*n + u - w = 6*u. Suppose 100 = n*s - 55. Is s a prime number?
True
Let b be (-264)/21 - (-9)/(-21). Let m = b + 34. Is m prime?
False
Suppose -460 = -4*d + h, -6*h + 2*h + 345 = 3*d. Is d composite?
True
Let q(t) = -8*t. Let c be q(1). Let a(s) = -s**2 - 9*s - 4. Let l be a(c). Is 6/l*(-4)/(-2) prime?
True
Suppose 2628 = -2*n - 2*n. Let v = n - -926. Is v composite?
False
Let n(i) = 18*i**2 + 38*i + 19. Is n(-15) composite?
False
Suppose -6*y + 9*y - 138 = 0. Is 1 + 2 + -2 + y a composite number?
False
Suppose -5*y - 4 = 2*d + 200, -2*d = -y - 48. Let w = 97 + y. Is w a composite number?
True
Let i = -4 + 1. Let b = -4 - i. Is 13 + b + (1 - -1) a prime number?
False
Suppose -b - 5*h = -361, 3*h = -2*b + 4*h + 700. Suppose 0 = 5*f + 2*o - b + 55, 244 = 4*f + 4*o. Is f composite?
True
Suppose 12 = -4*p, -2*u = -0*u + 3*p - 37. Suppose -2*j + 21 = -u. Is j composite?
True
Let d(b) = -52*b**3 - b - 1. Let t(g) = -g**2 - 8*g - 8. Let o be t(-7). Let s be d(o). Suppose 5*f - s - 53 = 0. Is f a composite number?
True
Let l(x) = -x**3 + x**2 + 21. Let v be l(0). Suppose 12 = 4*w - 8, w = -4*i + 165. Let s = i - v. Is s prime?
True
Suppose 0*u + 5*u - 10 = 0. Is u/6 - 2672/(-12) prime?
True
Suppose 2*c = -5*o + 235, 0*o = -3*c - 2*o + 336. Suppose 450 - c = 4*a. Is a composite?
True
Let v(d) be the first derivative of d**6/360 + d**5/120 + 5*d**4/24 - d**3/3 - 1. Let g(b) be the third derivative of v(b). Is g(-7) prime?
True
Let f(i) = i**3 + 4*i**2 - 9*i + 11. Let u(z) = -z**2. Let n(y) = f(y) - 4*u(y). Let v(r) = -8*r**3 - r**2 + r - 1. Let d be v(1). Is n(d) prime?
True
Let u(a) = -2*a - 13. Let d be u(-6). Is (-3)/d + 353*2 a composite number?
False
Let c be 5*1/(-3)*-3. Suppose -2*u - 4*s + s = -19, 51 = c*u + 4*s. Let o(v) = v**3 - 10*v**2 + 3*v + 1. Is o(u) composite?
True
Suppose -7*n = 24 + 4. Is ((-268)/6)/(n/6) a composite number?
False
Let s = 10 + 13. Is s prime?
True
Suppose -5*i = 3*n - 3, 5*n + i = -8 - 9. Let k = -2 - n. Suppose -20 - 34 = -3*r + l, -k*r + 5*l + 23 = 0. Is r a composite number?
False
Suppose 0 = 3*l + 542 - 2948. Is l a prime number?
False
Let i(r) = -2*r + 14. Let n be i(16). Is (-6558)/n + 4/6 a composite number?
True
Suppose 9*h - 12*h = 3. Let s = 88 - 62. Let y = h + s. Is y a composite number?
True
Let j = -23 - -12. Let c be j*(-3 + (-6)/(-3)). Is (2/(-4))/(c/(-814)) prime?
True
Let z = -24 - -443. Is z a prime number?
True
Let q be (59 + 0)/((-1)/(-3)). Let h = q - 100. Is h a composite number?
True
Suppose -n + 9 = 2*n. Suppose -200 = -i + 3*p, -i = -5*i + n*p + 809. Is i a composite number?
True
Let t = 44 + 10. Let k(m) = m**3 + 12*m**2 - 12*m + 7. Let o be k(-13). Is ((-4)/o)/(4/t) a composite number?
True
Let w(v) = 12*v**3 + 6*v**2 + 6*v + 5. Let l(u) = 24*u**3 + 11*u**2 + 11*u + 9. Let q(b) = 6*l(b) - 11*w(b). Is q(1) a composite number?
False
Let t = -2368 + 4299. Is t prime?
True
Let y(a) = a**3 - 4*a**2 - 5*a + 3. Let r be y(5). Suppose r*l - 126 = 789. Is l prime?
False
Let c(r) = -r**2 - 11*r - 6. Let n be c(-5). Let u = n - -57. Suppose 4*o + u = 5*h, -31 = 2*h - 5*h - 2*o. Is h a composite number?
False
Let k(b) = -b**3 + 9*b**2 - 10*b + 6. Let r be k(8). Let u = r - -25. Let s = -8 + u. Is s a prime number?
True
Let k = -42 + 102. Let h = -8 - -2. Is (h/(-12))/(2/k) a prime number?
False
Let y = -55 + 159. Suppose 0 = 3*j - 31 - y. Let w = j + -14. Is w a prime number?
True
Suppose -5*y = s + 30 - 6, 2*y = -2. Let i = s + 52. Suppose -4*c = 4*z - 17 - 7, -4*z = -5*c - i. Is z composite?
False
Suppose -r = 2*r + 534. Let w = -29 - r. Is w a composite number?
False
Let w = 11 + -8. Suppose l + 4*a + 10 = -a, 6 = -w*a. Suppose 0 = -2*j, l*n + 14 = n + j. Is n composite?
True
Let b be (-5 - -1)*(-174)/4. Suppose 5*p - b = -0*k - k, 0 = 2*k + p - 303. Is k prime?
True
Let c = 1326 - 740. Is c a prime number?
False
Let j(s) = s**3 - 7*s**2 + 5*s - 4. Let b be j(6). Is 3 + -4*(b - -2) a composite number?
True
Let n(l) = l**3 + 10*l**2 + 10*l + 5. Suppose -2*r = -3*r + 6. Let j be -8 + r + 1 + -7. Is n(j) a prime number?
True
Let i = -615 - -1210. Suppose -y + i = 4*y. Is y a prime number?
False
Suppose h = y - 5*y + 4654, -5*y - 4*h = -5823. Is y a composite number?
False
Let g = -18 + 221. Is g a prime number?
False
Let g(o) = 57*o**3. Let v be g(1). Suppose -1 - 1 = d. Is v + (1 - -3)/d prime?
False
Suppose q - 1548 = 5*q. Let i = q - -548. Is i composite?
True
Suppose 2*k = -3*h + 4*k + 11, 13 = h + 4*k. Let x = h - 9. Let z = 22 - x. Is z a composite number?
True
Suppose 4*u - 207 = 2*k - 729, -2*k - 4*u = -514. Suppose 1 + k = 4*x. Is x a prime number?
False
Suppose -47 = -2*x - 3*u + 2*u, 0 = 3*x + u - 70. Is x a composite number?
False
Let w(s) = 4*s**2. Let r be w(1). Suppose -3*k - 4*c - 6 + 155 = 0, 0 = -2*k - r*c + 102. Is k a composite number?
False
Is 2/(2 + -4) + 8 composite?
False
Let c = 83 - -25. Suppose q = 4*s + 102, -2*s - 126 = -2*q + c. Is q a prime number?
False
Let p(h) = -3 + h + 2*h + 4 + 6. Is p(8) composite?
False
Let a = 2865 - 970. Is a composite?
True
Suppose 0 = -5*b + 26 + 4. Suppose -b = -3*g, 7*n - 3*n + 5*g = 158. Is n composite?
False
Suppose m = -m + 4*v + 1038, -5*m + 2*v + 2587 = 0. Is m a composite number?
True
Suppose 3*y + 171 = 3*n, y + 3*y + 122 = 2*n. Is n composite?
False
Let c be (5*6)/(4/58). Suppose c = 5*o + 2*l, l + 25 = -4*l. Is o composite?
False
Let z = -595 - -1272. Is z prime?
True
Let a = 2 + 1. Suppose 4*t + 37 = 3*b, -47 = -5*b + a*t - 0*t. Is b composite?
False
Let k(w) = w**3 + 2*w**2 - w + 1. Let j be k(-2). Let z be (-224)/(-10) + 4/(-10). Suppose -y = -j*y + z. Is y a composite number?
False
Let k = 113 + 20. Is k composite?
True
Let u be ((-1)/2)/(3/108). Let q be ((-3)/(-9))/(2/u). Is (-131)/q - (-10)/(-15) prime?
True
Let n = -7 - -28. Is n prime?
False
Let h be (-4)/(-1 - -3) + 119. Suppose w = -0*w - 5*c + h, 4 = -2*c. Is w prime?
True
Let i = -18 - -36. Suppose 0 = -7*s + 4*s - i. Is 7*(0 - s/3) a prime number?
False
Suppose m + 5 = 9. Suppose y = -o + 13, 0 = m*y - 3*y + 2. Is o a composite number?
True
Let a(b) = 2*b**2 + 4*b - 3. Suppose -x - 5*j + j - 27 = 0, -3*x + 2*j = 11. Is a(x) prime?
True
Suppose -k = 3*k. Suppose 3*l + 0*l = k. Suppose l = -3*m + 4*m - 39. Is m prime?
False
Let o(v) = -40*v**3 + 7*v + 13. Is o(-2) a prime number?
False
Suppose -7*x + 12 = -4*x. Is (873/(-36))/((-1)/x) a composite number?
False
Let b = 62 + -181. Let j = 168 + b. Is j a prime number?
False
Let x(a) = 9*a**2 + 5*a - 1. Is x(5) a prime number?
False
Let m = -28 + 43. Let p be 54/m + 2/5. Suppose x = 4*u - 41 - 44, p*x - 12 = 0. Is u prime?
False
Suppose -2*l = -527 + 1. Is l composite?
False
Is 2328/9 + (-2)/(-6) composite?
True
Let m(x) = x**2 - 3*x + 9. Let c = -1 - 6. Is m(c) prime?
True
Suppose 2*t + 0*t = 84. Suppose 405 + t = 3*b. Is b a composite number?
False
Let x = -6 - -8. Let l be (-808)/(-48) + (-2)/(-12). Is 9/(6/